10
What is 4 (base 13) in base 3?
11
Convert 3 (base 5) to base 15.
3
Convert 11110 (base 2) to base 3.
1010
What is 118 (base 13) in base 14?
d8
-4 (base 11) to base 14
-4
11 (base 10) to base 4
23
What is -2000 (base 3) in base 4?
-312
What is -11000100 (base 2) in base 13?
-121
What is 1 (base 15) in base 12?
1
Convert 14 (base 12) to base 10.
16
What is 110 (base 11) in base 6?
340
Convert 111000 (base 2) to base 7.
110
Convert 10000 (base 3) to base 13.
63
Convert 100 (base 2) to base 9.
4
Convert -4 (base 7) to base 8.
-4
Convert -11 (base 3) to base 13.
-4
Convert 62 (base 8) to base 11.
46
Convert -30 (base 7) to base 12.
-19
-f7 (base 16) to base 9
-304
Convert 124 (base 6) to base 15.
37
-1 (base 9) to base 12
-1
What is 10122 (base 3) in base 15?
68
What is 1 (base 7) in base 10?
1
67 (base 9) to base 8
75
Convert -23 (base 8) to base 15.
-14
Convert -3 (base 5) to base 10.
-3
Convert 1 (base 14) to base 4.
1
28 (base 14) to base 6
100
43 (base 12) to base 15
36
1 (base 11) to base 3
1
Convert 0 (base 12) to base 7.
0
15 (base 10) to base 16
f
Convert 132 (base 8) to base 13.
6c
Convert 17 (base 14) to base 7.
30
What is -20100 (base 3) in base 12?
-123
What is 1 (base 5) in base 11?
1
What is 3 (base 5) in base 15?
3
What is -6 (base 13) in base 11?
-6
0 (base 13) to base 5
0
Convert -34 (base 12) to base 13.
-31
What is 1 (base 8) in base 11?
1
What is -3 (base 10) in base 5?
-3
Convert -3 (base 7) to base 11.
-3
-101111 (base 2) to base 5
-142
What is 12 (base 5) in base 4?
13
Convert 6 (base 9) to base 13.
6
What is -4 (base 15) in base 2?
-100
Convert -3d (base 16) to base 13.
-49
Convert 0 (base 4) to base 3.
0
What is 1a6 (base 14) in base 13?
204
Convert 3 (base 5) to base 2.
11
What is -181 (base 9) in base 6?
-414
-123 (base 4) to base 3
-1000
-1 (base 6) to base 15
-1
21 (base 8) to base 14
13
What is 87 (base 10) in base 11?
7a
Convert -2 (base 3) to base 6.
-2
151 (base 14) to base 10
267
What is -3 (base 7) in base 11?
-3
11111011 (base 2) to base 7
506
Convert -11 (base 4) to base 14.
-5
Convert 3 (base 16) to base 10.
3
Convert 296 (base 11) to base 3.
110212
What is -10 (base 4) in base 6?
-4
Convert -9 (base 11) to base 3.
-100
Convert 102 (base 4) to base 9.
20
-20 (base 7) to base 16
-e
What is 116 (base 10) in base 15?
7b
Convert -2211 (base 3) to base 9.
-84
What is -2 (base 7) in base 6?
-2
What is 2 (base 5) in base 6?
2
-1222 (base 4) to base 8
-152
32 (base 6) to base 10
20
20 (base 5) to base 6
14
Convert 5 (base 6) to base 15.
5
What is -31 (base 6) in base 4?
-103
-215 (base 8) to base 9
-166
Convert -2 (base 11) to base 7.
-2
What is -234 (base 5) in base 10?
-69
Convert 11 (base 11) to base 8.
14
What is -171 (base 8) in base 4?
-1321
Convert 3 (base 6) to base 3.
10
Convert -142 (base 5) to base 6.
-115
What is 12120 (base 3) in base 9?
176
Convert -6 (base 11) to base 8.
-6
Convert 12b (base 15) to base 16.
10a
Convert -29 (base 14) to base 12.
-31
What is 2100 (base 3) in base 11?
58
Convert -19 (base 13) to base 7.
-31
283 (base 9) to base 12
179
Convert -3 (base 13) to base 8.
-3
What is -11 (base 5) in base 2?
-110
What is -152 (base 11) in base 3?
-20121
Convert -10 (base 7) to base 12.
-7
52 (base 10) to base 5
202
Convert 3d (base 16) to base 8.
75
-10 (base 11) to base 6
-15
What is -2 (base 9) in base 4?
-2
-80 (base 15) to base 7
-231
-6 (base 14) to base 6
-10
Convert 65 (base 13) to base 9.
102
What is -21 (base 13) in base 15?
-1c
-5 (base 10) to base 4
-11
0 (base 14) to base 15
0
What is 11 (base 10) in base 2?
1011
What is -7 (base 10) in base 8?
-7
-2 (base 8) to base 13
-2
Convert 3 (base 4) to base 8.
3
-30 (base 8) to base 11
-22
What is -45 (base 14) in base 16?
-3d
Convert -101 (base 2) to base 8.
-5
Convert 20 (base 7) to base 9.
15
Convert -a (base 11) to base 14.
-a
Convert 2 (base 14) to base 12.
2
Convert -2 (base 9) to base 13.
-2
What is -311 (base 6) in base 16?
-73
Convert -231 (base 6) to base 7.
-160
Convert -14 (base 10) to base 2.
-1110
Convert -7 (base 10) to base 16.
-7
-15 (base 13) to base 12
-16
Convert -131 (base 5) to base 13.
-32
What is -137 (base 14) in base 3?
-100002
What is 2 (base 6) in base 15?
2
Convert -100100001 (base 2) to base 9.
-351
Convert -1a5 (base 12) to base 15.
-12e
5 (base 9) to base 8
5
112 (base 11) to base 9
158
Convert -4 (base 15) to base 8.
-4
250 (base 9) to base 11
179
What is -43 (base 15) in base 13?
-4b
12 (base 6) to base 5
13
Convert 1 (base 16) to base 2.
1
What is -11 (base 12) in base 14?
-d
0 (base 4) to base 8
0
Convert -1a (base 12) to base 15.
-17
Convert -7 (base 10) to base 6.
-11
Convert -13a (base 14) to base 7.
-503
What is -3d (base 15) in base 16?
-3a
Convert 12 (base 14) to base 8.
20
What is 46 (base 7) in base 15?
24
What is 5 (base 7) in base 13?
5
-13 (base 8) to base 2
-1011
What is 21 (base 4) in base 3?
100
What is -5 (base 15) in base 8?
-5
What is -12 (base 3) in base 14?
-5
-31 (base 7) to base 4
-112
What is -4 (base 12) in base 16?
-4
What is -b6 (base 16) in base 8?
-266
Convert 1011001 (base 2) to base 13.
6b
Convert -30 (base 4) to base 15.
-c
Convert 1121 (base 3) to base 4.
223
What is 517 (base 8) in base 10?
335
Convert -4 (base 15) to base 11.
-4
What is -8 (base 12) in base 4?
-20
What is -bd (base 16) in base 7?
-360
What is 100 (base 2) in base 13?
4
200 (base 6) to base 3
2200
What is -1100110 (base 2) in base 15?
-6c
-6 (base 8) to base 6
-10
What is 0 (base 16) in base 7?
0
-12 (base 16) to base 8
-22
Convert -a (base 16) to base 2.
-1010
-14 (base 12) to base 7
-22
-8 (base 11) to base 15
-8
What is 221 (base 3) in base 12?
21
Convert -28 (base 15) to base 16.
-26
-201 (base 4) to base 10
-33
8 (base 13) to base 5
13
120 (base 7) to base 16
3f
What is -120 (base 9) in base 11?
-90
What is -2 (base 7) in base 10?
-2
Convert 0 (base 13) to base 15.
0
Convert 6 (base 10) to base 12.
6
-3 (base 8) to base 3
-10
Convert -4 (base 14) to base 3.
-11
Convert 0 (base 11) to base 16.
0
Convert -6 (base 9) to base 6.
-10
Convert 3 (base 15) to base 7.
3
Convert 71 (base 8) to base 4.
321
-345 (base 8) to base 9
-274
67 (base 9) to base 5
221
-3 (base 13) to base 12
-3
What is -116 (base 11) in base 13?
-a8
Convert 24 (base 9) to base 12.
1a
102 (base 6) to base 14
2a
-1 (base 2) to base 13
-1
Convert 0 (base 7) to base 2.
0
Convert -45 (base 9) to base 14.
-2d
What is -9 (base 14) in base 9?
-10
What is 3 (base 10) in base 8?
3
What is -2 (base 10) in base 2?
-10
-432 (base 9) to base 10
-353
Convert -111120 (base 3) to base 9.
-446
What is c9 (base 14) in base 13?
108
Convert 3 (base 16) to base 7.
3
62 (base 7) to base 2
101100
Convert -241 (base 5) to base 6.
-155
Convert -1 (base 10) to base 5.
-1
What is f (base 16) in base 11?
14
Convert -79 (base 16) to base 4.
-1321
-1 (base 7) to base 16
-1
-15 (base 11) to base 6
-24
Convert 1100 (base 2) to base 7.
15
Convert -5 (base 14) to base 10.
-5
What is 5 (base 8) in base 9?
5
What is 1 (base 4) in base 16?
1
-2 (base 7) to base 2
-10
Convert 22 (base 4) to base 8.
12
What is -10d (base 16) in base 5?
-2034
Convert 113 (base 8) to base 14.
55
-25 (base 12) to base 2
-11101
-28 (base 9) to base 16
-1a
Convert 3 (base 14) to base 4.
3
What is -12 (base 7) in base 9?
-10
What is 0 (base 16) in base 14?
0
Convert 3 (base 11) to base 8.
3
10110100 (base 2) to base 16
b4
341 (base 5) to base 2
1100000
Convert -3 (base 7) to base 6.
-3
Convert -102 (base 5) to base 11.
-25
What is -51 (base 12) in base 6?
-141
Convert 0 (base 16) to base 10.
0
Convert -ba (base 12) to base 7.
-262
Convert -1103 (base 7) to base 14.
-203
What is 11 (base 3) in base 9?
4
-7 (base 9) to base 16
-7
What is -2 (base 5) in base 13?
-2
Convert 56 (base 7) to base 4.
221
-2a (base 11) to base 7
-44
Convert -1 (base 6) to base 8.
-1
What is 1 (base 9) in base 2?
1
-4 (base 14) to base 9
-4
-7 (base 14) to base 8
-7
Convert 27 (base 14) to base 10.
35
Convert 2 (base 15) to base 16.
2
What is -40 (base 13) in base 4?
-310
3 (base 8) to base 15
3
0 (base 8) to base 10
0
-10 (base 10) to base 9
-11
1 (base 7) to base 10
1
What is -3 (base 15) in base 11?
-3
Convert 74 (base 10) to base 12.
62
-3 (base 14) to base 8
-3
Convert -9 (base 13) to base 14.
-9
Convert -3 (base 14